{"id":290,"date":"2023-07-19T09:10:59","date_gmt":"2023-07-19T09:10:59","guid":{"rendered":"https:\/\/dev.lavelle.pl\/?page_id=290"},"modified":"2025-04-27T16:45:15","modified_gmt":"2025-04-27T14:45:15","slug":"cennik","status":"publish","type":"page","link":"https:\/\/dev.lavelle.pl\/?page_id=290","title":{"rendered":"Cennik"},"content":{"rendered":"\t\t<div data-elementor-type=\"wp-page\" data-elementor-id=\"290\" class=\"elementor elementor-290\" data-elementor-post-type=\"page\">\n\t\t\t\t\t\t<section class=\"elementor-section elementor-top-section elementor-element elementor-element-2183ac38 elementor-section-boxed elementor-section-height-default elementor-section-height-default\" data-id=\"2183ac38\" data-element_type=\"section\" data-settings=\"{&quot;background_background&quot;:&quot;classic&quot;,&quot;shape_divider_bottom&quot;:&quot;mountains&quot;}\">\n\t\t\t\t\t<div class=\"elementor-shape elementor-shape-bottom\" aria-hidden=\"true\" data-negative=\"false\">\n\t\t\t<svg xmlns=\"http:\/\/www.w3.org\/2000\/svg\" viewBox=\"0 0 1000 100\" preserveAspectRatio=\"none\">\n\t<path class=\"elementor-shape-fill\" opacity=\"0.33\" d=\"M473,67.3c-203.9,88.3-263.1-34-320.3,0C66,119.1,0,59.7,0,59.7V0h1000v59.7 c0,0-62.1,26.1-94.9,29.3c-32.8,3.3-62.8-12.3-75.8-22.1C806,49.6,745.3,8.7,694.9,4.7S492.4,59,473,67.3z\"\/>\n\t<path class=\"elementor-shape-fill\" opacity=\"0.66\" d=\"M734,67.3c-45.5,0-77.2-23.2-129.1-39.1c-28.6-8.7-150.3-10.1-254,39.1 s-91.7-34.4-149.2,0C115.7,118.3,0,39.8,0,39.8V0h1000v36.5c0,0-28.2-18.5-92.1-18.5C810.2,18.1,775.7,67.3,734,67.3z\"\/>\n\t<path class=\"elementor-shape-fill\" d=\"M766.1,28.9c-200-57.5-266,65.5-395.1,19.5C242,1.8,242,5.4,184.8,20.6C128,35.8,132.3,44.9,89.9,52.5C28.6,63.7,0,0,0,0 h1000c0,0-9.9,40.9-83.6,48.1S829.6,47,766.1,28.9z\"\/>\n<\/svg>\t\t<\/div>\n\t\t\t\t\t<div class=\"elementor-container elementor-column-gap-no\">\n\t\t\t\t\t<div class=\"elementor-column elementor-col-100 elementor-top-column elementor-element elementor-element-1fa50338\" data-id=\"1fa50338\" data-element_type=\"column\">\n\t\t\t<div class=\"elementor-widget-wrap elementor-element-populated\">\n\t\t\t\t\t\t<div class=\"elementor-element elementor-element-1284733e elementor-widget__width-initial elementor-absolute elementor-view-default elementor-widget elementor-widget-icon\" data-id=\"1284733e\" data-element_type=\"widget\" data-settings=\"{&quot;motion_fx_motion_fx_mouse&quot;:&quot;yes&quot;,&quot;motion_fx_mouseTrack_effect&quot;:&quot;yes&quot;,&quot;motion_fx_mouseTrack_direction&quot;:&quot;negative&quot;,&quot;motion_fx_mouseTrack_speed&quot;:{&quot;unit&quot;:&quot;px&quot;,&quot;size&quot;:0.7,&quot;sizes&quot;:[]},&quot;_position&quot;:&quot;absolute&quot;}\" data-widget_type=\"icon.default\">\n\t\t\t\t<div class=\"elementor-widget-container\">\n\t\t\t\t\t\t\t<div class=\"elementor-icon-wrapper\">\n\t\t\t<div class=\"elementor-icon\">\n\t\t\t<svg xmlns=\"http:\/\/www.w3.org\/2000\/svg\" viewBox=\"0 0 67.733 67.733\" height=\"256\" width=\"256\"><path d=\"M33.867 0A33.867 33.867 0 000 33.867a33.867 33.867 0 0033.867 33.866 33.867 33.867 0 0033.866-33.866A33.867 33.867 0 0033.867 0zm0 8.747a25.12 25.12 0 0125.12 25.12 25.12 25.12 0 01-25.12 25.12 25.12 25.12 0 01-25.12-25.12 25.12 25.12 0 0125.12-25.12z\" fill=\"#fff\"><\/path><\/svg>\t\t\t<\/div>\n\t\t<\/div>\n\t\t\t\t\t\t<\/div>\n\t\t\t\t<\/div>\n\t\t\t\t<div class=\"elementor-element elementor-element-18edd044 elementor-widget__width-initial elementor-absolute elementor-hidden-tablet elementor-view-default elementor-widget elementor-widget-icon\" data-id=\"18edd044\" data-element_type=\"widget\" data-settings=\"{&quot;motion_fx_motion_fx_mouse&quot;:&quot;yes&quot;,&quot;motion_fx_mouseTrack_effect&quot;:&quot;yes&quot;,&quot;motion_fx_mouseTrack_speed&quot;:{&quot;unit&quot;:&quot;px&quot;,&quot;size&quot;:0.4,&quot;sizes&quot;:[]},&quot;_position&quot;:&quot;absolute&quot;}\" data-widget_type=\"icon.default\">\n\t\t\t\t<div class=\"elementor-widget-container\">\n\t\t\t\t\t\t\t<div class=\"elementor-icon-wrapper\">\n\t\t\t<div class=\"elementor-icon\">\n\t\t\t<svg xmlns=\"http:\/\/www.w3.org\/2000\/svg\" viewBox=\"0 0 67.733 67.733\" height=\"256\" width=\"256\"><defs><linearGradient gradientTransform=\"matrix(.27246 0 0 .27246 -92.399 -259.52)\" gradientUnits=\"userSpaceOnUse\" y2=\"1118.2\" x2=\"336.906\" y1=\"-145.528\" x1=\"331.056\" id=\"a\"><stop stop-color=\"#fff\"><\/stop><stop stop-opacity=\"0\" stop-color=\"#C4C4C4\" offset=\"1\"><\/stop><\/linearGradient><\/defs><circle cx=\"-.606\" cy=\"-265.303\" r=\"33.867\" transform=\"rotate(172.797 7.215 -114.633)\" fill=\"url(#a)\"><\/circle><\/svg>\t\t\t<\/div>\n\t\t<\/div>\n\t\t\t\t\t\t<\/div>\n\t\t\t\t<\/div>\n\t\t\t\t<div class=\"elementor-element elementor-element-6b0680d2 elementor-widget__width-initial elementor-absolute elementor-view-default elementor-widget elementor-widget-icon\" data-id=\"6b0680d2\" data-element_type=\"widget\" data-settings=\"{&quot;motion_fx_motion_fx_mouse&quot;:&quot;yes&quot;,&quot;motion_fx_mouseTrack_effect&quot;:&quot;yes&quot;,&quot;motion_fx_mouseTrack_speed&quot;:{&quot;unit&quot;:&quot;px&quot;,&quot;size&quot;:0.4,&quot;sizes&quot;:[]},&quot;_position&quot;:&quot;absolute&quot;}\" data-widget_type=\"icon.default\">\n\t\t\t\t<div class=\"elementor-widget-container\">\n\t\t\t\t\t\t\t<div class=\"elementor-icon-wrapper\">\n\t\t\t<div class=\"elementor-icon\">\n\t\t\t<svg xmlns=\"http:\/\/www.w3.org\/2000\/svg\" viewBox=\"0 0 67.733 67.733\" height=\"256\" width=\"256\"><defs><linearGradient gradientTransform=\"matrix(.27246 0 0 .27246 -92.399 -259.52)\" gradientUnits=\"userSpaceOnUse\" y2=\"1118.2\" x2=\"336.906\" y1=\"-145.528\" x1=\"331.056\" id=\"a\"><stop stop-color=\"#fff\"><\/stop><stop stop-opacity=\"0\" stop-color=\"#C4C4C4\" offset=\"1\"><\/stop><\/linearGradient><\/defs><circle cx=\"-.606\" cy=\"-265.303\" r=\"33.867\" transform=\"rotate(172.797 7.215 -114.633)\" fill=\"url(#a)\"><\/circle><\/svg>\t\t\t<\/div>\n\t\t<\/div>\n\t\t\t\t\t\t<\/div>\n\t\t\t\t<\/div>\n\t\t\t\t<div class=\"elementor-element elementor-element-722e575 elementor-widget elementor-widget-heading\" data-id=\"722e575\" data-element_type=\"widget\" data-widget_type=\"heading.default\">\n\t\t\t\t<div class=\"elementor-widget-container\">\n\t\t\t\t\t<h1 class=\"elementor-heading-title elementor-size-default\">Cennik<\/h1>\t\t\t\t<\/div>\n\t\t\t\t<\/div>\n\t\t\t\t\t<\/div>\n\t\t<\/div>\n\t\t\t\t\t<\/div>\n\t\t<\/section>\n\t\t\t\t<section class=\"elementor-section elementor-top-section elementor-element elementor-element-d8710d7 elementor-section-boxed elementor-section-height-default elementor-section-height-default\" data-id=\"d8710d7\" data-element_type=\"section\">\n\t\t\t\t\t\t<div class=\"elementor-container elementor-column-gap-default\">\n\t\t\t\t\t<div class=\"elementor-column elementor-col-100 elementor-top-column elementor-element elementor-element-ac09912\" data-id=\"ac09912\" data-element_type=\"column\">\n\t\t\t<div class=\"elementor-widget-wrap elementor-element-populated\">\n\t\t\t\t\t\t<div class=\"elementor-element elementor-element-947f755 elementor-widget elementor-widget-text-editor\" data-id=\"947f755\" data-element_type=\"widget\" data-widget_type=\"text-editor.default\">\n\t\t\t\t<div class=\"elementor-widget-container\">\n\t\t\t\t\t\t\t\t\t<table style=\"height: 402px;\" width=\"499\" cellspacing=\"0\" cellpadding=\"0\">\n<tbody>\n<tr>\n<td valign=\"top\">Konsultacja psychologiczna \/ 50 min<\/td>\n<td valign=\"top\">200 z\u0142<\/td>\n<\/tr>\n<tr>\n<td valign=\"top\">Konsultacja indywidualna z psychoterapeut\u0105 \/ 50 min<\/td>\n<td valign=\"top\">200 z\u0142<\/td>\n<\/tr>\n<tr>\n<td valign=\"top\">Konsultacja psychologiczna dzieci i m\u0142odzie\u017cy od 10 roku \u017cycia \/ 50 min<\/td>\n<td valign=\"top\">200 z\u0142<\/td>\n<\/tr>\n<tr>\n<td valign=\"top\">Konsultacja z psychoterapeut\u0105 dla par \/ 50 min<\/td>\n<td valign=\"top\">300 z\u0142<\/td>\n<\/tr>\n<tr>\n<td valign=\"top\">Konsultacja z psychoterapeut\u0105, psychologiem ONLINE \/ 50 min<\/td>\n<td valign=\"top\">200 z\u0142<\/td>\n<\/tr>\n<tr>\n<td valign=\"top\">Consultation with an ONLINE psychotherapist in english \/ 50 min<\/td>\n<td valign=\"top\">300 z\u0142<\/td>\n<\/tr>\n<tr>\n<td valign=\"top\">Individual consultation with a psychotherapist in english \/ 50 min<\/td>\n<td valign=\"top\">300 z\u0142<\/td>\n<\/tr>\n<tr>\n<td valign=\"top\">Consultation with a psychotherapist for couples in english \/ 50 min<\/td>\n<td valign=\"top\">350 z\u0142<\/td>\n<\/tr>\n<\/tbody>\n<\/table>\t\t\t\t\t\t\t\t<\/div>\n\t\t\t\t<\/div>\n\t\t\t\t\t<\/div>\n\t\t<\/div>\n\t\t\t\t\t<\/div>\n\t\t<\/section>\n\t\t\t\t<section class=\"elementor-section elementor-top-section elementor-element elementor-element-94b2b52 elementor-section-boxed elementor-section-height-default elementor-section-height-default\" data-id=\"94b2b52\" data-element_type=\"section\" data-settings=\"{&quot;background_background&quot;:&quot;classic&quot;}\">\n\t\t\t\t\t\t<div class=\"elementor-container elementor-column-gap-no\">\n\t\t\t\t\t<div class=\"elementor-column elementor-col-100 elementor-top-column elementor-element elementor-element-05ebe50\" data-id=\"05ebe50\" data-element_type=\"column\" data-settings=\"{&quot;background_background&quot;:&quot;classic&quot;}\">\n\t\t\t<div class=\"elementor-widget-wrap elementor-element-populated\">\n\t\t\t\t\t\t<div class=\"elementor-element elementor-element-e78700e elementor-widget__width-initial elementor-absolute elementor-view-default elementor-widget elementor-widget-icon\" data-id=\"e78700e\" data-element_type=\"widget\" data-settings=\"{&quot;motion_fx_motion_fx_mouse&quot;:&quot;yes&quot;,&quot;motion_fx_mouseTrack_effect&quot;:&quot;yes&quot;,&quot;motion_fx_mouseTrack_direction&quot;:&quot;negative&quot;,&quot;motion_fx_mouseTrack_speed&quot;:{&quot;unit&quot;:&quot;px&quot;,&quot;size&quot;:0.7,&quot;sizes&quot;:[]},&quot;_position&quot;:&quot;absolute&quot;}\" data-widget_type=\"icon.default\">\n\t\t\t\t<div class=\"elementor-widget-container\">\n\t\t\t\t\t\t\t<div class=\"elementor-icon-wrapper\">\n\t\t\t<div class=\"elementor-icon\">\n\t\t\t<svg xmlns=\"http:\/\/www.w3.org\/2000\/svg\" viewBox=\"0 0 67.733 67.733\" height=\"256\" width=\"256\"><path d=\"M33.867 0A33.867 33.867 0 000 33.867a33.867 33.867 0 0033.867 33.866 33.867 33.867 0 0033.866-33.866A33.867 33.867 0 0033.867 0zm0 8.747a25.12 25.12 0 0125.12 25.12 25.12 25.12 0 01-25.12 25.12 25.12 25.12 0 01-25.12-25.12 25.12 25.12 0 0125.12-25.12z\" fill=\"#fff\"><\/path><\/svg>\t\t\t<\/div>\n\t\t<\/div>\n\t\t\t\t\t\t<\/div>\n\t\t\t\t<\/div>\n\t\t\t\t<div class=\"elementor-element elementor-element-02fb35c elementor-widget__width-initial elementor-absolute elementor-view-default elementor-widget elementor-widget-icon\" data-id=\"02fb35c\" data-element_type=\"widget\" data-settings=\"{&quot;motion_fx_motion_fx_mouse&quot;:&quot;yes&quot;,&quot;motion_fx_mouseTrack_effect&quot;:&quot;yes&quot;,&quot;motion_fx_mouseTrack_direction&quot;:&quot;negative&quot;,&quot;motion_fx_mouseTrack_speed&quot;:{&quot;unit&quot;:&quot;px&quot;,&quot;size&quot;:0.7,&quot;sizes&quot;:[]},&quot;_position&quot;:&quot;absolute&quot;}\" data-widget_type=\"icon.default\">\n\t\t\t\t<div class=\"elementor-widget-container\">\n\t\t\t\t\t\t\t<div class=\"elementor-icon-wrapper\">\n\t\t\t<div class=\"elementor-icon\">\n\t\t\t<svg xmlns=\"http:\/\/www.w3.org\/2000\/svg\" viewBox=\"0 0 67.733 67.733\" height=\"256\" width=\"256\"><path d=\"M33.867 0A33.867 33.867 0 000 33.867a33.867 33.867 0 0033.867 33.866 33.867 33.867 0 0033.866-33.866A33.867 33.867 0 0033.867 0zm0 8.747a25.12 25.12 0 0125.12 25.12 25.12 25.12 0 01-25.12 25.12 25.12 25.12 0 01-25.12-25.12 25.12 25.12 0 0125.12-25.12z\" fill=\"#fff\"><\/path><\/svg>\t\t\t<\/div>\n\t\t<\/div>\n\t\t\t\t\t\t<\/div>\n\t\t\t\t<\/div>\n\t\t\t\t<section class=\"elementor-section elementor-inner-section elementor-element elementor-element-930fbce elementor-section-boxed elementor-section-height-default elementor-section-height-default\" data-id=\"930fbce\" data-element_type=\"section\">\n\t\t\t\t\t\t<div class=\"elementor-container elementor-column-gap-no\">\n\t\t\t\t\t<div class=\"elementor-column elementor-col-50 elementor-inner-column elementor-element elementor-element-e4b790e\" data-id=\"e4b790e\" data-element_type=\"column\" data-settings=\"{&quot;animation&quot;:&quot;none&quot;,&quot;animation_mobile&quot;:&quot;none&quot;}\">\n\t\t\t<div class=\"elementor-widget-wrap elementor-element-populated\">\n\t\t\t\t\t\t<div class=\"elementor-element elementor-element-d3d9b74 elementor-widget elementor-widget-heading\" data-id=\"d3d9b74\" data-element_type=\"widget\" data-widget_type=\"heading.default\">\n\t\t\t\t<div class=\"elementor-widget-container\">\n\t\t\t\t\t<h3 class=\"elementor-heading-title elementor-size-default\">Konsultacje<\/h3>\t\t\t\t<\/div>\n\t\t\t\t<\/div>\n\t\t\t\t\t<\/div>\n\t\t<\/div>\n\t\t\t\t<div class=\"elementor-column elementor-col-50 elementor-inner-column elementor-element elementor-element-bfb3b31\" data-id=\"bfb3b31\" data-element_type=\"column\">\n\t\t\t<div class=\"elementor-widget-wrap elementor-element-populated\">\n\t\t\t\t\t\t<div class=\"elementor-element elementor-element-c0cc7b5 elementor-widget__width-auto elementor-mobile-align-center elementor-align-center elementor-widget elementor-widget-button\" data-id=\"c0cc7b5\" data-element_type=\"widget\" data-widget_type=\"button.default\">\n\t\t\t\t<div class=\"elementor-widget-container\">\n\t\t\t\t\t\t\t\t\t<div class=\"elementor-button-wrapper\">\n\t\t\t\t\t<a class=\"elementor-button elementor-button-link elementor-size-lg\" href=\"https:\/\/dev.lavelle.pl\/zapisy\/\">\n\t\t\t\t\t\t<span class=\"elementor-button-content-wrapper\">\n\t\t\t\t\t\t\t\t\t<span class=\"elementor-button-text\">Um\u00f3w wizyt\u0119<\/span>\n\t\t\t\t\t<\/span>\n\t\t\t\t\t<\/a>\n\t\t\t\t<\/div>\n\t\t\t\t\t\t\t\t<\/div>\n\t\t\t\t<\/div>\n\t\t\t\t\t<\/div>\n\t\t<\/div>\n\t\t\t\t\t<\/div>\n\t\t<\/section>\n\t\t\t\t\t<\/div>\n\t\t<\/div>\n\t\t\t\t\t<\/div>\n\t\t<\/section>\n\t\t\t\t<\/div>\n\t\t","protected":false},"excerpt":{"rendered":"<p>Cennik Konsultacja psychologiczna \/ 50 min 200 z\u0142 Konsultacja indywidualna z psychoterapeut\u0105 \/ 50 min 200 z\u0142 Konsultacja psychologiczna dzieci i m\u0142odzie\u017cy od 10 roku \u017cycia \/ 50 min 200 z\u0142 Konsultacja z psychoterapeut\u0105 dla par \/ 50 min 300 z\u0142 Konsultacja z psychoterapeut\u0105, psychologiem ONLINE \/ 50 min 200 z\u0142 Consultation with an ONLINE [&hellip;]<\/p>\n","protected":false},"author":1,"featured_media":0,"parent":0,"menu_order":0,"comment_status":"closed","ping_status":"closed","template":"elementor_header_footer","meta":{"footnotes":""},"class_list":["post-290","page","type-page","status-publish","hentry"],"yoast_head":"<!-- This site is optimized with the Yoast SEO plugin v26.3 - https:\/\/yoast.com\/wordpress\/plugins\/seo\/ -->\n<title>Cennik - Centrum Psychoterapii Your Self<\/title>\n<meta name=\"description\" content=\"Ceny za konsultacje psychoterapeutyczn\u0105 i psychologiczn\u0105. P\u0142atno\u015b\u0107 mo\u017ce by\u0107 realizowana kart\u0105, got\u00f3wk\u0105 lub przelewem. P\u0142atno\u015b\u0107 realizowana na miejscu\" \/>\n<meta name=\"robots\" content=\"noindex, follow, max-snippet:-1, max-image-preview:large, max-video-preview:-1\" \/>\n<meta property=\"og:locale\" content=\"pl_PL\" \/>\n<meta property=\"og:type\" content=\"article\" \/>\n<meta property=\"og:title\" content=\"Cennik - Centrum Psychoterapii Your Self\" \/>\n<meta property=\"og:description\" content=\"Ceny za konsultacje psychoterapeutyczn\u0105 i psychologiczn\u0105. P\u0142atno\u015b\u0107 mo\u017ce by\u0107 realizowana kart\u0105, got\u00f3wk\u0105 lub przelewem. P\u0142atno\u015b\u0107 realizowana na miejscu\" \/>\n<meta property=\"og:url\" content=\"https:\/\/dev.lavelle.pl\/?page_id=290\" \/>\n<meta property=\"og:site_name\" content=\"Centrum Psychoterapii Your Self\" \/>\n<meta property=\"article:modified_time\" content=\"2025-04-27T14:45:15+00:00\" \/>\n<meta name=\"twitter:card\" content=\"summary_large_image\" \/>\n<meta name=\"twitter:label1\" content=\"Szacowany czas czytania\" \/>\n\t<meta name=\"twitter:data1\" content=\"1 minuta\" \/>\n<script type=\"application\/ld+json\" class=\"yoast-schema-graph\">{\"@context\":\"https:\/\/schema.org\",\"@graph\":[{\"@type\":\"WebPage\",\"@id\":\"https:\/\/dev.lavelle.pl\/?page_id=290\",\"url\":\"https:\/\/dev.lavelle.pl\/?page_id=290\",\"name\":\"Cennik - Centrum Psychoterapii Your Self\",\"isPartOf\":{\"@id\":\"https:\/\/dev.lavelle.pl\/#website\"},\"datePublished\":\"2023-07-19T09:10:59+00:00\",\"dateModified\":\"2025-04-27T14:45:15+00:00\",\"description\":\"Ceny za konsultacje psychoterapeutyczn\u0105 i psychologiczn\u0105. P\u0142atno\u015b\u0107 mo\u017ce by\u0107 realizowana kart\u0105, got\u00f3wk\u0105 lub przelewem. P\u0142atno\u015b\u0107 realizowana na miejscu\",\"breadcrumb\":{\"@id\":\"https:\/\/dev.lavelle.pl\/?page_id=290#breadcrumb\"},\"inLanguage\":\"pl-PL\",\"potentialAction\":[{\"@type\":\"ReadAction\",\"target\":[\"https:\/\/dev.lavelle.pl\/?page_id=290\"]}]},{\"@type\":\"BreadcrumbList\",\"@id\":\"https:\/\/dev.lavelle.pl\/?page_id=290#breadcrumb\",\"itemListElement\":[{\"@type\":\"ListItem\",\"position\":1,\"name\":\"Strona g\u0142\u00f3wna\",\"item\":\"https:\/\/dev.lavelle.pl\/\"},{\"@type\":\"ListItem\",\"position\":2,\"name\":\"Cennik\"}]},{\"@type\":\"WebSite\",\"@id\":\"https:\/\/dev.lavelle.pl\/#website\",\"url\":\"https:\/\/dev.lavelle.pl\/\",\"name\":\"Centrum Psychoterapii Your Self\",\"description\":\"\",\"publisher\":{\"@id\":\"https:\/\/dev.lavelle.pl\/#organization\"},\"potentialAction\":[{\"@type\":\"SearchAction\",\"target\":{\"@type\":\"EntryPoint\",\"urlTemplate\":\"https:\/\/dev.lavelle.pl\/?s={search_term_string}\"},\"query-input\":{\"@type\":\"PropertyValueSpecification\",\"valueRequired\":true,\"valueName\":\"search_term_string\"}}],\"inLanguage\":\"pl-PL\"},{\"@type\":\"Organization\",\"@id\":\"https:\/\/dev.lavelle.pl\/#organization\",\"name\":\"Centrum Psychoterapii Your Self\",\"url\":\"https:\/\/dev.lavelle.pl\/\",\"logo\":{\"@type\":\"ImageObject\",\"inLanguage\":\"pl-PL\",\"@id\":\"https:\/\/dev.lavelle.pl\/#\/schema\/logo\/image\/\",\"url\":\"https:\/\/dev.lavelle.pl\/wp-content\/uploads\/2023\/07\/CENTRUM-PSYCHOTERAPII-YOUR-SELF-pl.svg\",\"contentUrl\":\"https:\/\/dev.lavelle.pl\/wp-content\/uploads\/2023\/07\/CENTRUM-PSYCHOTERAPII-YOUR-SELF-pl.svg\",\"width\":250,\"height\":100,\"caption\":\"Centrum Psychoterapii Your Self\"},\"image\":{\"@id\":\"https:\/\/dev.lavelle.pl\/#\/schema\/logo\/image\/\"}}]}<\/script>\n<!-- \/ Yoast SEO plugin. -->","yoast_head_json":{"title":"Cennik - Centrum Psychoterapii Your Self","description":"Ceny za konsultacje psychoterapeutyczn\u0105 i psychologiczn\u0105. P\u0142atno\u015b\u0107 mo\u017ce by\u0107 realizowana kart\u0105, got\u00f3wk\u0105 lub przelewem. P\u0142atno\u015b\u0107 realizowana na miejscu","robots":{"index":"noindex","follow":"follow","max-snippet":"max-snippet:-1","max-image-preview":"max-image-preview:large","max-video-preview":"max-video-preview:-1"},"og_locale":"pl_PL","og_type":"article","og_title":"Cennik - Centrum Psychoterapii Your Self","og_description":"Ceny za konsultacje psychoterapeutyczn\u0105 i psychologiczn\u0105. P\u0142atno\u015b\u0107 mo\u017ce by\u0107 realizowana kart\u0105, got\u00f3wk\u0105 lub przelewem. P\u0142atno\u015b\u0107 realizowana na miejscu","og_url":"https:\/\/dev.lavelle.pl\/?page_id=290","og_site_name":"Centrum Psychoterapii Your Self","article_modified_time":"2025-04-27T14:45:15+00:00","twitter_card":"summary_large_image","twitter_misc":{"Szacowany czas czytania":"1 minuta"},"schema":{"@context":"https:\/\/schema.org","@graph":[{"@type":"WebPage","@id":"https:\/\/dev.lavelle.pl\/?page_id=290","url":"https:\/\/dev.lavelle.pl\/?page_id=290","name":"Cennik - Centrum Psychoterapii Your Self","isPartOf":{"@id":"https:\/\/dev.lavelle.pl\/#website"},"datePublished":"2023-07-19T09:10:59+00:00","dateModified":"2025-04-27T14:45:15+00:00","description":"Ceny za konsultacje psychoterapeutyczn\u0105 i psychologiczn\u0105. P\u0142atno\u015b\u0107 mo\u017ce by\u0107 realizowana kart\u0105, got\u00f3wk\u0105 lub przelewem. P\u0142atno\u015b\u0107 realizowana na miejscu","breadcrumb":{"@id":"https:\/\/dev.lavelle.pl\/?page_id=290#breadcrumb"},"inLanguage":"pl-PL","potentialAction":[{"@type":"ReadAction","target":["https:\/\/dev.lavelle.pl\/?page_id=290"]}]},{"@type":"BreadcrumbList","@id":"https:\/\/dev.lavelle.pl\/?page_id=290#breadcrumb","itemListElement":[{"@type":"ListItem","position":1,"name":"Strona g\u0142\u00f3wna","item":"https:\/\/dev.lavelle.pl\/"},{"@type":"ListItem","position":2,"name":"Cennik"}]},{"@type":"WebSite","@id":"https:\/\/dev.lavelle.pl\/#website","url":"https:\/\/dev.lavelle.pl\/","name":"Centrum Psychoterapii Your Self","description":"","publisher":{"@id":"https:\/\/dev.lavelle.pl\/#organization"},"potentialAction":[{"@type":"SearchAction","target":{"@type":"EntryPoint","urlTemplate":"https:\/\/dev.lavelle.pl\/?s={search_term_string}"},"query-input":{"@type":"PropertyValueSpecification","valueRequired":true,"valueName":"search_term_string"}}],"inLanguage":"pl-PL"},{"@type":"Organization","@id":"https:\/\/dev.lavelle.pl\/#organization","name":"Centrum Psychoterapii Your Self","url":"https:\/\/dev.lavelle.pl\/","logo":{"@type":"ImageObject","inLanguage":"pl-PL","@id":"https:\/\/dev.lavelle.pl\/#\/schema\/logo\/image\/","url":"https:\/\/dev.lavelle.pl\/wp-content\/uploads\/2023\/07\/CENTRUM-PSYCHOTERAPII-YOUR-SELF-pl.svg","contentUrl":"https:\/\/dev.lavelle.pl\/wp-content\/uploads\/2023\/07\/CENTRUM-PSYCHOTERAPII-YOUR-SELF-pl.svg","width":250,"height":100,"caption":"Centrum Psychoterapii Your Self"},"image":{"@id":"https:\/\/dev.lavelle.pl\/#\/schema\/logo\/image\/"}}]}},"_links":{"self":[{"href":"https:\/\/dev.lavelle.pl\/index.php?rest_route=\/wp\/v2\/pages\/290","targetHints":{"allow":["GET"]}}],"collection":[{"href":"https:\/\/dev.lavelle.pl\/index.php?rest_route=\/wp\/v2\/pages"}],"about":[{"href":"https:\/\/dev.lavelle.pl\/index.php?rest_route=\/wp\/v2\/types\/page"}],"author":[{"embeddable":true,"href":"https:\/\/dev.lavelle.pl\/index.php?rest_route=\/wp\/v2\/users\/1"}],"replies":[{"embeddable":true,"href":"https:\/\/dev.lavelle.pl\/index.php?rest_route=%2Fwp%2Fv2%2Fcomments&post=290"}],"version-history":[{"count":119,"href":"https:\/\/dev.lavelle.pl\/index.php?rest_route=\/wp\/v2\/pages\/290\/revisions"}],"predecessor-version":[{"id":2728,"href":"https:\/\/dev.lavelle.pl\/index.php?rest_route=\/wp\/v2\/pages\/290\/revisions\/2728"}],"wp:attachment":[{"href":"https:\/\/dev.lavelle.pl\/index.php?rest_route=%2Fwp%2Fv2%2Fmedia&parent=290"}],"curies":[{"name":"wp","href":"https:\/\/api.w.org\/{rel}","templated":true}]}}